 is divided by 1840?
11
Calculate the remainder when 298022 is divided by 4030.
3832
What is the remainder when 442898 is divided by 380?
198
What is the remainder when 457768 is divided by 495?
388
Calculate the remainder when 2921963 is divided by 208710.
23
What is the remainder when 2091883 is divided by 1553?
1545
What is the remainder when 94580 is divided by 482?
108
What is the remainder when 412597 is divided by 2555?
1242
What is the remainder when 136986 is divided by 5641?
1602
What is the remainder when 593222 is divided by 197648?
278
What is the remainder when 1646938 is divided by 548977?
7
Calculate the remainder when 3822913 is divided by 228.
37
Calculate the remainder when 48047 is divided by 146.
13
Calculate the remainder when 116893817 is divided by 7.
5
What is the remainder when 5689864 is divided by 632203?
37
Calculate the remainder when 1273013 is divided by 1068.
1025
Calculate the remainder when 50430 is divided by 139.
112
What is the remainder when 72335 is divided by 4511?
159
Calculate the remainder when 26206722 is divided by 2449.
2422
Calculate the remainder when 58630 is divided by 28377.
1876
Calculate the remainder when 6992714 is divided by 22.
14
Calculate the remainder when 71472 is divided by 35582.
308
Calculate the remainder when 1663629 is divided by 127966.
71
What is the remainder when 1056636 is divided by 211161?
831
Calculate the remainder when 268709939 is divided by 108.
107
Calculate the remainder when 899532 is divided by 1428.
1320
What is the remainder when 6091764 is divided by 1929?
1911
Calculate the remainder when 76491 is divided by 15290.
41
What is the remainder when 2243824 is divided by 39?
37
What is the remainder when 2367 is divided by 151?
102
Calculate the remainder when 102977217 is divided by 15.
12
Calculate the remainder when 4548049 is divided by 324859.
23
Calculate the remainder when 79605 is divided by 79321.
284
Calculate the remainder when 165417 is divided by 2278.
1401
What is the remainder when 15655701 is divided by 663?
282
Calculate the remainder when 11119363 is divided by 43605.
88
Calculate the remainder when 26567 is divided by 6032.
2439
Calculate the remainder when 173467 is divided by 1820.
567
What is the remainder when 29166 is divided by 304?
286
What is the remainder when 722377 is divided by 330?
7
Calculate the remainder when 17751982 is divided by 890.
42
What is the remainder when 107674 is divided by 131?
123
What is the remainder when 159289 is divided by 611?
429
What is the remainder when 552302 is divided by 184095?
17
Calculate the remainder when 229493 is divided by 32766.
131
Calculate the remainder when 2331665 is divided by 1697.
1684
Calculate the remainder when 10789337 is divided by 2525.
12
Calculate the remainder when 2183 is divided by 88.
71
What is the remainder when 108675415 is divided by 130?
95
What is the remainder when 14679 is divided by 2066?
217
What is the remainder when 12709496 is divided by 82?
70
Calculate the remainder when 2573293 is divided by 3594.
3583
Calculate the remainder when 1101425753 is divided by 8427.
8426
What is the remainder when 5196471 is divided by 73189?
52
What is the remainder when 379291 is divided by 23667?
619
What is the remainder when 78553481 is divided by 17?
0
Calculate the remainder when 62769730 is divided by 179.
158
What is the remainder when 1369416 is divided by 214?
30
What is the remainder when 3920488 is divided by 889?
887
Calculate the remainder when 12402783 is divided by 22307.
91
Calculate the remainder when 92045 is divided by 2155.
1535
Calculate the remainder when 92133 is divided by 809.
716
Calculate the remainder when 2165663 is divided by 744.
623
Calculate the remainder when 266541 is divided by 284.
149
What is the remainder when 1311716 is divided by 136?
132
Calculate the remainder when 519751 is divided by 2459.
902
Calculate the remainder when 3264562 is divided by 1632179.
204
What is the remainder when 33154 is divided by 31929?
1225
What is the remainder when 90031 is divided by 1526?
1523
Calculate the remainder when 57488969 is divided by 21.
20
Calculate the remainder when 157414373 is divided by 10013.
0
Calculate the remainder when 24171094 is divided by 25.
19
Calculate the remainder when 208313850 is divided by 32.
26
Calculate the remainder when 353747 is divided by 70735.
72
What is the remainder when 1689900 is divided by 52808?
44
Calculate the remainder when 478347 is divided by 247.
155
Calculate the remainder when 529439 is divided by 264690.
59
Calculate the remainder when 55589411 is divided by 1524.
1511
Calculate the remainder when 112035 is divided by 1143.
21
What is the remainder when 39449604 is divided by 505764?
12
What is the remainder when 6882055 is divided by 2774?
2535
Calculate the remainder when 607377 is divided by 1972.
1
Calculate the remainder when 92993 is divided by 13247.
264
Calculate the remainder when 2250521 is divided by 394.
387
Calculate the remainder when 2313484 is divided by 462663.
169
What is the remainder when 3731811 is divided by 466474?
19
What is the remainder when 857455 is divided by 5165?
65
What is the remainder when 23768025 is divided by 634?
633
What is the remainder when 2438445 is divided by 3420?
3405
What is the remainder when 115571808 is divided by 3841?
3800
Calculate the remainder when 180137 is divided by 415.
27
What is the remainder when 2667494 is divided by 719?
4
Calculate the remainder when 45729776 is divided by 46.
26
What is the remainder when 196618 is divided by 39006?
1588
Calculate the remainder when 640652 is divided by 3110.
3102
Calculate the remainder when 22734659 is divided by 339323.
18
What is the remainder when 3451835 is divided by 3451814?
21
What is the remainder when 5360695 is divided by 266?
263
Calculate the remainder when 7354980 is divided by 84540.
0
What is the remainder when 2608797 is divided by 652188?
45
Calculate the remainder when 6362282 is divided by 170.
32
Calculate the remainder when 1989987 is divided by 572.
571
What is the remainder when 792906 is divided by 146?
126
Calculate the remainder when 1130046 is divided by 98.
8
Calculate the remainder when 41089 is divided by 6120.
4369
What is the remainder when 187097444 is divided by 7?
2
Calculate the remainder when 690916 is divided by 248.
236
What is the remainder when 86947 is divided by 43355?
237
Calculate the remainder when 1943970 is divided by 6170.
420
What is the remainder when 195299 is divided by 4995?
494
What is the remainder when 201332 is divided by 78?
14
Calculate the remainder when 5637215 is divided by 216815.
25
Calculate the remainder when 661725 is divided by 2565.
2520
What is the remainder when 3975382 is divided by 180699?
4
Calculate the remainder when 1162861 is divided by 395.
376
What is the remainder when 126411 is divided by 1500?
411
Calculate the remainder when 112138794 is divided by 600.
594
Calculate the remainder when 1841953 is divided by 460487.
5
What is the remainder when 41721 is divided by 3284?
2313
Calculate the remainder when 11480 is divided by 95.
80
Calculate the remainder when 6157943 is divided by 136.
135
Calculate the remainder when 27003648 is divided by 222.
12
Calculate the remainder when 7629072 is divided by 282558.
6
Calculate the remainder when 13165983 is divided by 1046.
1027
What is the remainder when 15442 is divided by 13339?
2103
What is the remainder when 286323 is divided by 405?
393
What is the remainder when 54862973 is divided by 44?
33
What is the remainder when 3628515 is divided by 739?
25
What is the remainder when 154685 is divided by 2951?
1233
Calculate the remainder when 304471 is divided by 173.
164
What is the remainder when 26215 is divided by 416?
7
What is the remainder when 36336 is divided by 11875?
711
Calculate the remainder when 829266 is divided by 34511.
1002
What is the remainder when 263320 is divided by 59?
3
What is the remainder when 2174830 is divided by 1180?
90
Calculate the remainder when 800380619 is divided by 3804.
3803
Calculate the remainder when 150699 is divided by 4455.
3684
What is the remainder when 10921291 is divided by 43685?
41
Calculate the remainder when 35586113 i